{"id":1497,"date":"2017-10-03T17:27:18","date_gmt":"2017-10-03T17:27:18","guid":{"rendered":"https:\/\/anguloetiquetas.com.br\/?page_id=1497"},"modified":"2017-10-16T00:45:15","modified_gmt":"2017-10-16T00:45:15","slug":"teclado-de-membrana","status":"publish","type":"page","link":"https:\/\/anguloetiquetas.com.br\/index.php\/teclado-de-membrana\/","title":{"rendered":"Teclado de membrana"},"content":{"rendered":"<p>[vc_row][vc_column width=&#8221;1\/2&#8243;][vc_single_image image=&#8221;1491&#8243; img_size=&#8221;medium&#8221;][\/vc_column][vc_column width=&#8221;1\/2&#8243;][vc_column_text]Proporciona a interface de comando entre o aparelho e o utilizador, \u00e9 amplamente utilizado em equipamentos hospitalares e industriais, bem como em outros dispositivos que exijam veda\u00e7\u00e3o e limpeza f\u00e1cil (devido a sua superf\u00edcie plana).<\/p>\n<p>O painel de acabamento pode ser confeccionado em policarbonato ou poli\u00e9ster e o circuito \u00e9 compostos por camadas de poly\u00e9ster com impress\u00e3o de pasta condutiva de prata.[\/vc_column_text][vc_btn title=&#8221;Or\u00e7amento&#8221;][\/vc_column][\/vc_row][vc_row][vc_column][stm_spacing lg_spacing=&#8221;100&#8243;][vc_tta_tabs][vc_tta_section title=&#8221;Conector Crimpflex&#8221; tab_id=&#8221;1507054797377-af5b3f92-4795&#8243;][vc_column_text]Conector Nicomatic Crimpflex com passo de 2.54mm.[\/vc_column_text][vc_single_image image=&#8221;1626&#8243; img_size=&#8221;full&#8221;][stm_spacing][\/vc_tta_section][vc_tta_section title=&#8221;Calota Met\u00e1lica&#8221; tab_id=&#8221;1507054797377-562b5165-8e36&#8243;][vc_column_text]Possui a fun\u00e7\u00e3o de \u201cfechar\u201d o contato no teclado de membrana, ao mesmo tempo em que proporciona o click (feedback t\u00e1til), indicando ao operador que a tecla foi acionada.[\/vc_column_text][vc_single_image image=&#8221;1627&#8243; img_size=&#8221;full&#8221;][\/vc_tta_section][vc_tta_section title=&#8221;Relevo&#8221; tab_id=&#8221;1507060189949-1bb82f48-5b02&#8243;][vc_column_text]Proporciona maior sensibilidade das teclas.[\/vc_column_text][vc_single_image image=&#8221;1628&#8243; img_size=&#8221;large&#8221;][\/vc_tta_section][vc_tta_section title=&#8221;Textura Seletiva&#8221; tab_id=&#8221;1507060399576-d8d5ae17-b0a2&#8243;][vc_column_text]O policarbonato originalmente \u00e9 liso e com a textura seletiva \u00e9 possivel deixar com aspecto mais poroso.[\/vc_column_text][vc_single_image image=&#8221;1630&#8243; img_size=&#8221;large&#8221;][\/vc_tta_section][vc_tta_section title=&#8221;LED SMD&#8221; tab_id=&#8221;1507060604396-c89cef23-9897&#8243;][vc_column_text]Com apenas 0,35mm de espessura, proporciona o retorno visual ao toque de uma determinada tecla ou fun\u00e7\u00e3o.[\/vc_column_text][vc_single_image image=&#8221;1631&#8243; img_size=&#8221;large&#8221;][\/vc_tta_section][vc_tta_section title=&#8221;Bolsa&#8221; tab_id=&#8221;1507060736330-3f8f2c00-f88d&#8221;][vc_column_text]Bolsa para passagem de tarjetas. Pode-ser customizar as teclas com palavras ou \u00edcones.[\/vc_column_text][vc_single_image image=&#8221;1632&#8243; img_size=&#8221;large&#8221;][\/vc_tta_section][\/vc_tta_tabs][\/vc_column][\/vc_row]<\/p>\n<p>&nbsp;<\/p>\n<p>[vc_row full_width=&#8221;stretch_row&#8221; el_class=&#8221;third_bg_color&#8221; css=&#8221;.vc_custom_1451889219674{margin-bottom: -60px !important;}&#8221;][vc_column][vc_cta h2=&#8221;Entre em contato para mais detalhes&#8221; h2_font_container=&#8221;font_size:20px|color:%23000000|line_height:24px&#8221; h2_use_theme_fonts=&#8221;yes&#8221; shape=&#8221;square&#8221; style=&#8221;flat&#8221; add_button=&#8221;right&#8221; btn_title=&#8221;Or\u00e7amento&#8221; btn_style=&#8221;flat&#8221; btn_color=&#8221;theme_style_2&#8243; btn_align=&#8221;right&#8221; btn_i_align=&#8221;right&#8221; btn_i_icon_fontawesome=&#8221;fa fa-chevron-right&#8221; use_custom_fonts_h2=&#8221;true&#8221; btn_button_block=&#8221;true&#8221; btn_add_icon=&#8221;true&#8221; el_class=&#8221;third_bg_color&#8221; css=&#8221;.vc_custom_1508113911466{margin-bottom: 0px !important;}&#8221; btn_link=&#8221;|||&#8221;][\/vc_cta][\/vc_column][\/vc_row]<\/p>\n","protected":false},"excerpt":{"rendered":"<p>[vc_row][vc_column width=&#8221;1\/2&#8243;][vc_single_image image=&#8221;1491&#8243; img_size=&#8221;medium&#8221;][\/vc_column][vc_column width=&#8221;1\/2&#8243;][vc_column_text]Proporciona a interface de comando entre o aparelho e o utilizador, \u00e9 amplamente utilizado em equipamentos hospitalares e industriais, bem como em outros dispositivos que exijam veda\u00e7\u00e3o e limpeza f\u00e1cil (devido a sua superf\u00edcie plana). O painel de acabamento pode ser confeccionado em policarbonato ou poli\u00e9ster e o circuito \u00e9 compostos<\/p>\n","protected":false},"author":1,"featured_media":0,"parent":0,"menu_order":0,"comment_status":"closed","ping_status":"closed","template":"","meta":{"footnotes":""},"class_list":["post-1497","page","type-page","status-publish","hentry"],"_links":{"self":[{"href":"https:\/\/anguloetiquetas.com.br\/index.php\/wp-json\/wp\/v2\/pages\/1497","targetHints":{"allow":["GET"]}}],"collection":[{"href":"https:\/\/anguloetiquetas.com.br\/index.php\/wp-json\/wp\/v2\/pages"}],"about":[{"href":"https:\/\/anguloetiquetas.com.br\/index.php\/wp-json\/wp\/v2\/types\/page"}],"author":[{"embeddable":true,"href":"https:\/\/anguloetiquetas.com.br\/index.php\/wp-json\/wp\/v2\/users\/1"}],"replies":[{"embeddable":true,"href":"https:\/\/anguloetiquetas.com.br\/index.php\/wp-json\/wp\/v2\/comments?post=1497"}],"version-history":[{"count":10,"href":"https:\/\/anguloetiquetas.com.br\/index.php\/wp-json\/wp\/v2\/pages\/1497\/revisions"}],"predecessor-version":[{"id":1672,"href":"https:\/\/anguloetiquetas.com.br\/index.php\/wp-json\/wp\/v2\/pages\/1497\/revisions\/1672"}],"wp:attachment":[{"href":"https:\/\/anguloetiquetas.com.br\/index.php\/wp-json\/wp\/v2\/media?parent=1497"}],"curies":[{"name":"wp","href":"https:\/\/api.w.org\/{rel}","templated":true}]}}